 3*y + 2. Calculate j(u).
-7
Let g(f) = -f**3 - 2*f**2 - f - 1. Let r(a) = -3*a**3 - 7*a**2 - 5*a - 2. Let q(k) = -2*g(k) + r(k). Let y = -229 + 226. Give q(y).
9
Let z(s) = s**3 - s - 4. Let h(d) = 2*d - 2. Let v be h(3). Suppose -v*a + 32 = 4*a. Suppose 0 = -a*l + 2*o - 10, -3*l = -2*l - 3*o + 15. Give z(l).
-4
Let i(o) = -o**3 - 8*o**2 - 6*o + 12. Let q be (-9)/(27/(-6)) - (12 + 36/(-6)). Determine i(q).
-28
Let s(i) = i**3 - 8*i**2 + 10*i + 1. Let j = -287 - -587. Let m = j - 293. Calculate s(m).
22
Let g be ((-2)/(-4))/((-11)/(-22)). Let b(v) = 7 + g - v - 1 + 2*v. Let w = 124 + -129. What is b(w)?
2
Suppose 0 = -853*l + 833*l + 120. Let i(f) be the first derivative of -2 - 1/2*f**2 + 2*f. Determine i(l).
-4
Let z(g) = -5*g**2 + 4*g - 2. Let o(k) = -k**2. Let p(u) = -4*o(u) + z(u). Suppose 48 = -48*y + 44*y. Let f be y*(15/(-6) - (-6 + 4)). What is p(f)?
-14
Let y(p) be the third derivative of -7*p**2 - 1/12*p**4 + 0 - 1/120*p**5 - 19/6*p**3 + 0*p. Let b(q) be the first derivative of y(q). What is b(0)?
-2
Let t(s) = 3*s + 11. Let l be t(0). Let y = l - 9. Let v(g) = -10*g**y + 9*g + 8*g**2 - 10*g. What is v(-2)?
-6
Suppose 4*m - 80 = -3*o, -3*o + 28*m + 45 = 25*m. Let w(j) be the first derivative of -5/2*j**2 - o + 0*j. Calculate w(1).
-5
Let h(r) be the third derivative of -9*r**4/4 + 439*r**3/6 + 2311*r**2. Give h(8).
7
Let q(f) = -f**2 + 8*f - 1. Let t(m) = 2*m**2 - 16*m + 5. Suppose 3*g - 12 = -3, -a - 5*g = -10. Let i(d) = a*q(d) - 2*t(d). Determine i(8).
-5
Let h be -1 - (-18)/2*1/3. Let x(n) = -7*n + 7*n - 3 + 2*n + 0*n + 2*n**h. What is x(3)?
21
Let l(s) be the third derivative of 0*s + 4*s**2 - 1/24*s**4 + 0 + s**3. Suppose 19 = -x + 25. Determine l(x).
0
Suppose -16*v - 12 = -60. Let q(o) = 5*o - 4*o**2 - 8 - 7*o**2 + 3*o + o**v + 4*o. What is q(10)?
12
Suppose -3*j + z - 7 = 0, j + j - z + 6 = 0. Let i be j + 0 - (-2)/(9 - 10). Let n(v) = -v**2 - 2*v - 3. Determine n(i).
-6
Let a(w) = w**2 - 7*w + 1. Let t = -45 + 54. Suppose y + t = p - 2*y, -6 = -2*p + 2*y. Suppose s - 2*s + 5*j + 12 = p, -5*s - 3*j = -32. Determine a(s).
1
Suppose 1 = -p, -3*t = 3*p - 8*p - 11. Let y(x) be the second derivative of x**5/20 - x**3/3 + 3*x**2/2 + 294*x. Determine y(t).
7
Let f(n) be the first derivative of n**2 - n - 1. Let r(u) = 14 + 20 + 4*u - 2*u**2 + 16 - 54 + u**3. Let l be r(2). What is f(l)?
7
Let c(f) be the third derivative of 0*f + 0 + 19*f**2 + 1/60*f**5 + 5/12*f**4 + 2*f**3. Let o = -10 + 1. Give c(o).
3
Let c(u) = 9*u**2 - 4*u + 1. Let o(r) = r**3 - 4*r**2 - 13*r + 41. Let d be o(5). What is c(d)?
6
Let l(f) = 14*f - 15*f - 7650 + 2546 + 4*f**2 + 2547 + 2534. Determine l(0).
-23
Let y(l) be the third derivative of -l**5/60 - l**4/24 - l**3 + 8*l**2 - 3. Determine y(-2).
-8
Let w(p) = 14*p**3 + p**2 + 3*p - 3. Let z be (20/(-22))/(-1) - (-4 + -10)/154. Give w(z).
15
Let v(m) = m**2. Let p(q) = -5*q**2 + 3*q. Suppose 0 = -r + 4*b + 19, -5*r + 3*b + 35 = -2*b. Suppose 4*i - 3 = r*i. Let w(h) = i*v(h) + p(h). Give w(2).
-2
Suppose 39*m - 5*m + 3196 = 0. Let f = m - -104. Let d(y) = -y + 11. Give d(f).
1
Let t(n) be the third derivative of -n**6/120 - 13*n**5/30 - 25*n**4/24 - 11*n**3/3 - 2031*n**2. Determine t(-25).
-22
Let n(g) = 26*g**2 + 214*g + 9. Let t(l) = -30*l**2 - 215*l - 12. Let p(j) = 5*n(j) + 4*t(j). Calculate p(-21).
-3
Let u(c) = c**2 + 8*c - 4. Let d be -1*3/21 - (-106)/7. Suppose -d*i - 60 = 15. What is u(i)?
-19
Let j = 2661 - 2661. Let s(d) = 5*d. Let a(w) = 11*w - 1. Let y(c) = 4*a(c) - 9*s(c). Determine y(j).
-4
Let h(q) be the first derivative of q**4/4 - 7*q**3/3 + 3*q**2/2 + 11*q + 7655. Calculate h(5).
-24
Suppose -n = c + 7, 53 = -5*n - 117*c + 121*c. Let q(o) = -o**2 - 5*o. Give q(n).
-36
Let n(p) = 3 - p - 6*p - 8*p**2 + 9*p - p**3 - p. Suppose 5*w + 9*q = 7*q - 34, 3*q = -5*w - 31. Calculate n(w).
-5
Let b(t) = 53 - 61*t + 145*t - 80*t. Determine b(-20).
-27
Let d(g) = 2*g. Let q(m) = m**2 - 41*m + 47. Let r be q(40). Suppose -l - 3*f = 0, 6*f = 3*l + 8*f + r. What is d(l)?
-6
Let j be 12/(-198) + (-1192)/(-66) + 0. Let k(r) = 6*r - 18. Give k(j).
90
Let t = -114 + 117. Suppose 25 = 5*g + 5*k, k + 3 - 8 = -t*g. Let n be (8 - 1) + -10 + (g - -2). Let l(s) = -15*s. Determine l(n).
15
Let b(t) = 13 + 16*t - 3*t - 3*t + 8*t + 113. Let r be b(-7). Let m(s) = s**2 + s - 12. Give m(r).
-12
Let z(t) be the second derivative of t**3/3 - 3*t**2/2 + t. Suppose -122*p + 12*a = -121*p + 7, -2*p + 2*a = -8. What is z(p)?
7
Let b(m) = m**3 + 44*m**2 + 260*m + 42. Let u be b(-37). Let t(x) = -2*x**3 + 7*x**2 - 2*x + 2. Calculate t(u).
-83
Let a(z) = 4*z - 13 - 15 - 5 - 4 + 36. Determine a(9).
35
Let r(o) = o**3 - 2*o**2 - 2*o - 2. Let n = 259 - 247. Suppose -n = 11*j - 5*j. Give r(j).
-14
Let o(k) = 6*k**3 + 4*k - 17. Suppose -40 = -197*l + 189*l. Let j(z) = 5*z**3 + 3*z - 16. Let s(g) = l*j(g) - 4*o(g). Determine s(0).
-12
Suppose 3*v - 4*p - 753 = -191, 4*v - p - 732 = 0. Let o = v + -178. Let m(h) = -h**3 + 6*h**2 - 6*h - 3. Determine m(o).
5
Let z(c) = c**3 - 5*c**2 + 3*c + 2. Let f = -152 - -156. Suppose 0 = -3*q - 5*s - 1, -2*s + f = 8. Give z(q).
-7
Let f = -5 + 12. Let u(n) = -3. Let j(a) = -a + 8. Let r(b) = f*u(b) + 2*j(b). Let m be (-53)/11 - ((-6)/33 - (-52)/143). What is r(m)?
5
Let j(v) = 19*v - 372*v**3 + 122*v**3 - 16*v**2 + 125*v**3 - 13 + 126*v**3. What is j(15)?
47
Let k be (30/75)/((-1)/10). Let h be 3136/(-539) - k/(-22). Let w(b) be the third derivative of b**6/120 + b**5/10 + b**4/24 + b**3/2 - 2*b**2. Calculate w(h).
-3
Let n(o) = -o**2 + 9*o + 21. Let d(m) = 34*m - 1756. Let w be d(52). Calculate n(w).
-15
Let j(q) = -2*q**2 + 4*q + 6. Let m(w) = -18*w - 90. Let z(l) = -9*l - 44. Let h(u) = 3*m(u) - 5*z(u). Let n be h(-6). Calculate j(n).
-10
Let b = 17 - 12. Suppose -b*y = -0*y. Let p(w) = y + 6*w**2 + 1 + 11*w**3 + 3 - 10*w**3 - 8*w. Determine p(-7).
11
Let f = -223 + 199. Let h be (-24)/(-10)*80/f. Let x(z) = -z**2 - 7*z - 4. Give x(h).
-12
Let d(w) be the third derivative of -w**6/120 + w**5/30 + w**4/4 + 7*w**3/6 + 1776*w**2. Determine d(-3).
34
Let c(f) = 3*f + 7. Let l(m) = 18 - 2258*m**2 + 1132*m**2 + m**3 + 1134*m**2 + 3*m. Let o be l(-8). What is c(o)?
-11
Let a be 0 - 21/(-14)*2. Let h(s) = 14*s**3 + 11*s**2 + 6*s - 23. Let u(x) = -5*x**3 - 4*x**2 - 2*x + 8. Let d(w) = -4*h(w) - 11*u(w). What is d(a)?
-29
Let c(g) = g**2 - 7*g - 5. Let v(h) = -108*h - 42 - 14 + 92*h. Let x be v(-4). Give c(x).
3
Let h = -92 + 96. Let q(m) = h*m**2 - 12*m - 5*m**2 - 19 + 21 - 13. Give q(-11).
0
Let y(d) be the second derivative of -2*d**2 - 12 + d - 1/2*d**3. What is y(-5)?
11
Let m(b) = -2*b**2 + 16*b + 20. Let d be m(9). Let h(c) = 24*c**2 - 16*c**2 - 6 + c**3 + 6*c + d. Calculate h(-7).
3
Let h(m) = -m - 1. Suppose -4*n - 3*d = -129, -2*n = -21*d + 17*d - 48. Suppose 3*r + 24 = -4*k - 0*k, -n = 5*k + 4*r. Determine h(k).
5
Let n(w) = -w**3 + w**2 - 5*w. Suppose 152*i + 1452 = -186*i - 146*i. Determine n(i).
51
Let v(q) be the first derivative of -7/2*q**2 + q + 30. Determine v(-1).
8
Let j(y) = y**3 + 10*y**2 + 3*y + 4. Suppose 0 = 3*q + 9, 8*n = 3*n - 2*q - 56. Calculate j(n).
-26
Let r(d) = -d + 9. Let v be 69 - -2 - (-2 + 4 - 5). Let g = v - 12. Let s = -57 + g. Determine r(s).
4
Let b(d) = d**2 - 6*d - 8. Let z(c) be the third derivative of -c**4/8 - 22*c**3/3 + 13*c**2 - 2*c. Let a be z(-17). What is b(a)?
-1
Suppose 5*u - u = 4*w + 228, -w - 273 = -5*u. Suppose -80*c + 74*c = u. Let i(g) = -g**2 - 7*g - 6. What is i(c)?
-24
Let z(j) be the third derivative of -j**4/24 + 5*j**3/3 - 6903*j**2. Let g = 14 + -23. Determine z(g).
19
Let z = 6955 + -6941. Let f(r) = 11*r - 160. Give f(z).
-6
Let l(a) = -6*a**2 - a - 8. Let s(n) = -18*n**2 - 4*n - 25. Let c(w) = -16*l(w) + 5*s(w). Let k(d) = -d + 8. Let h be k(6). Calculate c(h).
19
Suppose 352 = -3*z + 25*z. Suppose -21*v + z*v - 25 = 0, -3*v - 13 = 2*y. Let b(o) be the third derivative of -7*o**4/24 + o**3/6 - o**2. Give b(y).
-6
Let w(u) = -11*u + 24. Let h(l) = 13*l - 27. Let a(d) = 6*h(d) + 7*w(d). Suppose -5*j + 60 = -11*j. Determine a(j).
-4
Let m be -4*(1 + 2 + 1)/4. Let n(r) be the third derivative of -r**6/120 - r**5/12 - 5*r**4/24 - 5*r**3/3 + 249*r**2. Calculate n(m).
-6
Let l(v) = v + 17. Suppose 0*y - 5 = 5*y, -2*i = -5*y - 133. Supp